{"id":84,"date":"2024-10-30T09:50:40","date_gmt":"2024-10-30T07:50:40","guid":{"rendered":"https:\/\/denielkruusman.wordpress.com\/?page_id=84"},"modified":"2024-10-30T09:50:40","modified_gmt":"2024-10-30T07:50:40","slug":"ms-project","status":"publish","type":"page","link":"https:\/\/denielkruusman24.thkit.ee\/wp\/eng\/?page_id=84","title":{"rendered":"MS Project"},"content":{"rendered":"\n<p>Projekt<br><\/p>\n\n\n\n<ul class=\"wp-block-list\">\n<li>Gantt\u00b4i diagramm \u2013 ajakava, mis n\u00e4itab \u00fclesannete t\u00e4itmise etappe<\/li>\n<\/ul>\n\n\n\n<figure class=\"wp-block-image size-large\"><img decoding=\"async\" data-src=\"https:\/\/denielkruusman.wordpress.com\/wp-content\/uploads\/2024\/10\/image-4.png?w=1024\" alt=\"\" class=\"wp-image-87 lazyload\" src=\"data:image\/svg+xml;base64,PHN2ZyB3aWR0aD0iMSIgaGVpZ2h0PSIxIiB4bWxucz0iaHR0cDovL3d3dy53My5vcmcvMjAwMC9zdmciPjwvc3ZnPg==\" \/><\/figure>\n\n\n\n<ul class=\"wp-block-list\">\n<li>\u00dclesanded ja alam\u00fclesanded<\/li>\n<\/ul>\n\n\n\n<figure class=\"wp-block-image size-large\"><img decoding=\"async\" data-src=\"https:\/\/denielkruusman.wordpress.com\/wp-content\/uploads\/2024\/10\/image-5.png?w=1024\" alt=\"\" class=\"wp-image-89 lazyload\" src=\"data:image\/svg+xml;base64,PHN2ZyB3aWR0aD0iMSIgaGVpZ2h0PSIxIiB4bWxucz0iaHR0cDovL3d3dy53My5vcmcvMjAwMC9zdmciPjwvc3ZnPg==\" \/><\/figure>\n\n\n\n<ul class=\"wp-block-list\">\n<li><a>Ressursside kasutamine projektis<\/a><\/li>\n<\/ul>\n\n\n\n<figure class=\"wp-block-image size-large\"><img decoding=\"async\" data-src=\"https:\/\/denielkruusman.wordpress.com\/wp-content\/uploads\/2024\/10\/image-6.png?w=1024\" alt=\"\" class=\"wp-image-91 lazyload\" src=\"data:image\/svg+xml;base64,PHN2ZyB3aWR0aD0iMSIgaGVpZ2h0PSIxIiB4bWxucz0iaHR0cDovL3d3dy53My5vcmcvMjAwMC9zdmciPjwvc3ZnPg==\" \/><\/figure>\n\n\n\n<figure class=\"wp-block-image size-large\"><img decoding=\"async\" data-src=\"https:\/\/denielkruusman.wordpress.com\/wp-content\/uploads\/2024\/10\/image-7.png?w=1024\" alt=\"\" class=\"wp-image-92 lazyload\" src=\"data:image\/svg+xml;base64,PHN2ZyB3aWR0aD0iMSIgaGVpZ2h0PSIxIiB4bWxucz0iaHR0cDovL3d3dy53My5vcmcvMjAwMC9zdmciPjwvc3ZnPg==\" \/><\/figure>\n\n\n\n<ul class=\"wp-block-list\">\n<li><a>Aruanded<\/a><\/li>\n<\/ul>\n\n\n\n<figure class=\"wp-block-image size-large\"><img decoding=\"async\" data-src=\"https:\/\/denielkruusman.wordpress.com\/wp-content\/uploads\/2024\/10\/image-8.png?w=1024\" alt=\"\" class=\"wp-image-94 lazyload\" src=\"data:image\/svg+xml;base64,PHN2ZyB3aWR0aD0iMSIgaGVpZ2h0PSIxIiB4bWxucz0iaHR0cDovL3d3dy53My5vcmcvMjAwMC9zdmciPjwvc3ZnPg==\" \/><\/figure>\n\n\n\n<figure class=\"wp-block-image size-large\"><img decoding=\"async\" data-src=\"https:\/\/denielkruusman.wordpress.com\/wp-content\/uploads\/2024\/10\/image-9.png?w=1024\" alt=\"\" class=\"wp-image-95 lazyload\" src=\"data:image\/svg+xml;base64,PHN2ZyB3aWR0aD0iMSIgaGVpZ2h0PSIxIiB4bWxucz0iaHR0cDovL3d3dy53My5vcmcvMjAwMC9zdmciPjwvc3ZnPg==\" \/><\/figure>\n\n\n\n<div class=\"wp-block-file\"><a id=\"wp-block-file--media-40816761-809f-4485-8800-9a241a622753\" href=\"https:\/\/denielkruusman.wordpress.com\/wp-content\/uploads\/2024\/10\/projekti_aruanne_deniel_kruusman.docx\">Projekti_aruanne_Deniel_Kruusman<\/a><a href=\"https:\/\/denielkruusman.wordpress.com\/wp-content\/uploads\/2024\/10\/projekti_aruanne_deniel_kruusman.docx\" class=\"wp-block-file__button wp-element-button\" download aria-describedby=\"wp-block-file--media-40816761-809f-4485-8800-9a241a622753\">\u0421\u043a\u0430\u0447\u0430\u0442\u044c<\/a><\/div>\n\n\n\n<p><\/p>\n","protected":false},"excerpt":{"rendered":"<p>Projekt<\/p>\n","protected":false},"author":1,"featured_media":0,"parent":0,"menu_order":0,"comment_status":"closed","ping_status":"closed","template":"","meta":{"saved_in_kubio":false,"footnotes":""},"class_list":["post-84","page","type-page","status-publish","hentry"],"yoast_head":"<!-- This site is optimized with the Yoast SEO plugin v27.5 - https:\/\/yoast.com\/product\/yoast-seo-wordpress\/ -->\n<title>MS Project - Deniel Kruusman Portfolio<\/title>\n<meta name=\"robots\" content=\"index, follow, max-snippet:-1, max-image-preview:large, max-video-preview:-1\" \/>\n<link rel=\"canonical\" href=\"https:\/\/denielkruusman24.thkit.ee\/wp\/eng\/?page_id=84\" \/>\n<meta property=\"og:locale\" content=\"en_US\" \/>\n<meta property=\"og:type\" content=\"article\" \/>\n<meta property=\"og:title\" content=\"MS Project - Deniel Kruusman Portfolio\" \/>\n<meta property=\"og:description\" content=\"Projekt\" \/>\n<meta property=\"og:url\" content=\"https:\/\/denielkruusman24.thkit.ee\/wp\/eng\/?page_id=84\" \/>\n<meta property=\"og:site_name\" content=\"Deniel Kruusman Portfolio\" \/>\n<meta name=\"twitter:card\" content=\"summary_large_image\" \/>\n<script type=\"application\/ld+json\" class=\"yoast-schema-graph\">{\"@context\":\"https:\\\/\\\/schema.org\",\"@graph\":[{\"@type\":\"WebPage\",\"@id\":\"https:\\\/\\\/denielkruusman24.thkit.ee\\\/wp\\\/eng\\\/?page_id=84\",\"url\":\"https:\\\/\\\/denielkruusman24.thkit.ee\\\/wp\\\/eng\\\/?page_id=84\",\"name\":\"MS Project - Deniel Kruusman Portfolio\",\"isPartOf\":{\"@id\":\"https:\\\/\\\/denielkruusman24.thkit.ee\\\/wp\\\/eng\\\/#website\"},\"primaryImageOfPage\":{\"@id\":\"https:\\\/\\\/denielkruusman24.thkit.ee\\\/wp\\\/eng\\\/?page_id=84#primaryimage\"},\"image\":{\"@id\":\"https:\\\/\\\/denielkruusman24.thkit.ee\\\/wp\\\/eng\\\/?page_id=84#primaryimage\"},\"thumbnailUrl\":\"https:\\\/\\\/denielkruusman.wordpress.com\\\/wp-content\\\/uploads\\\/2024\\\/10\\\/image-4.png?w=1024\",\"datePublished\":\"2024-10-30T07:50:40+00:00\",\"breadcrumb\":{\"@id\":\"https:\\\/\\\/denielkruusman24.thkit.ee\\\/wp\\\/eng\\\/?page_id=84#breadcrumb\"},\"inLanguage\":\"en-US\",\"potentialAction\":[{\"@type\":\"ReadAction\",\"target\":[\"https:\\\/\\\/denielkruusman24.thkit.ee\\\/wp\\\/eng\\\/?page_id=84\"]}]},{\"@type\":\"ImageObject\",\"inLanguage\":\"en-US\",\"@id\":\"https:\\\/\\\/denielkruusman24.thkit.ee\\\/wp\\\/eng\\\/?page_id=84#primaryimage\",\"url\":\"https:\\\/\\\/denielkruusman.wordpress.com\\\/wp-content\\\/uploads\\\/2024\\\/10\\\/image-4.png?w=1024\",\"contentUrl\":\"https:\\\/\\\/denielkruusman.wordpress.com\\\/wp-content\\\/uploads\\\/2024\\\/10\\\/image-4.png?w=1024\"},{\"@type\":\"BreadcrumbList\",\"@id\":\"https:\\\/\\\/denielkruusman24.thkit.ee\\\/wp\\\/eng\\\/?page_id=84#breadcrumb\",\"itemListElement\":[{\"@type\":\"ListItem\",\"position\":1,\"name\":\"\u0413\u043b\u0430\u0432\u043d\u0430\u044f \u0441\u0442\u0440\u0430\u043d\u0438\u0446\u0430\",\"item\":\"https:\\\/\\\/denielkruusman24.thkit.ee\\\/wp\\\/eng\\\/\"},{\"@type\":\"ListItem\",\"position\":2,\"name\":\"MS Project\"}]},{\"@type\":\"WebSite\",\"@id\":\"https:\\\/\\\/denielkruusman24.thkit.ee\\\/wp\\\/eng\\\/#website\",\"url\":\"https:\\\/\\\/denielkruusman24.thkit.ee\\\/wp\\\/eng\\\/\",\"name\":\"Deniel Kruusman Portfolio\",\"description\":\"\",\"potentialAction\":[{\"@type\":\"SearchAction\",\"target\":{\"@type\":\"EntryPoint\",\"urlTemplate\":\"https:\\\/\\\/denielkruusman24.thkit.ee\\\/wp\\\/eng\\\/?s={search_term_string}\"},\"query-input\":{\"@type\":\"PropertyValueSpecification\",\"valueRequired\":true,\"valueName\":\"search_term_string\"}}],\"inLanguage\":\"en-US\"}]}<\/script>\n<!-- \/ Yoast SEO plugin. -->","yoast_head_json":{"title":"MS Project - Deniel Kruusman Portfolio","robots":{"index":"index","follow":"follow","max-snippet":"max-snippet:-1","max-image-preview":"max-image-preview:large","max-video-preview":"max-video-preview:-1"},"canonical":"https:\/\/denielkruusman24.thkit.ee\/wp\/eng\/?page_id=84","og_locale":"en_US","og_type":"article","og_title":"MS Project - Deniel Kruusman Portfolio","og_description":"Projekt","og_url":"https:\/\/denielkruusman24.thkit.ee\/wp\/eng\/?page_id=84","og_site_name":"Deniel Kruusman Portfolio","twitter_card":"summary_large_image","schema":{"@context":"https:\/\/schema.org","@graph":[{"@type":"WebPage","@id":"https:\/\/denielkruusman24.thkit.ee\/wp\/eng\/?page_id=84","url":"https:\/\/denielkruusman24.thkit.ee\/wp\/eng\/?page_id=84","name":"MS Project - Deniel Kruusman Portfolio","isPartOf":{"@id":"https:\/\/denielkruusman24.thkit.ee\/wp\/eng\/#website"},"primaryImageOfPage":{"@id":"https:\/\/denielkruusman24.thkit.ee\/wp\/eng\/?page_id=84#primaryimage"},"image":{"@id":"https:\/\/denielkruusman24.thkit.ee\/wp\/eng\/?page_id=84#primaryimage"},"thumbnailUrl":"https:\/\/denielkruusman.wordpress.com\/wp-content\/uploads\/2024\/10\/image-4.png?w=1024","datePublished":"2024-10-30T07:50:40+00:00","breadcrumb":{"@id":"https:\/\/denielkruusman24.thkit.ee\/wp\/eng\/?page_id=84#breadcrumb"},"inLanguage":"en-US","potentialAction":[{"@type":"ReadAction","target":["https:\/\/denielkruusman24.thkit.ee\/wp\/eng\/?page_id=84"]}]},{"@type":"ImageObject","inLanguage":"en-US","@id":"https:\/\/denielkruusman24.thkit.ee\/wp\/eng\/?page_id=84#primaryimage","url":"https:\/\/denielkruusman.wordpress.com\/wp-content\/uploads\/2024\/10\/image-4.png?w=1024","contentUrl":"https:\/\/denielkruusman.wordpress.com\/wp-content\/uploads\/2024\/10\/image-4.png?w=1024"},{"@type":"BreadcrumbList","@id":"https:\/\/denielkruusman24.thkit.ee\/wp\/eng\/?page_id=84#breadcrumb","itemListElement":[{"@type":"ListItem","position":1,"name":"\u0413\u043b\u0430\u0432\u043d\u0430\u044f \u0441\u0442\u0440\u0430\u043d\u0438\u0446\u0430","item":"https:\/\/denielkruusman24.thkit.ee\/wp\/eng\/"},{"@type":"ListItem","position":2,"name":"MS Project"}]},{"@type":"WebSite","@id":"https:\/\/denielkruusman24.thkit.ee\/wp\/eng\/#website","url":"https:\/\/denielkruusman24.thkit.ee\/wp\/eng\/","name":"Deniel Kruusman Portfolio","description":"","potentialAction":[{"@type":"SearchAction","target":{"@type":"EntryPoint","urlTemplate":"https:\/\/denielkruusman24.thkit.ee\/wp\/eng\/?s={search_term_string}"},"query-input":{"@type":"PropertyValueSpecification","valueRequired":true,"valueName":"search_term_string"}}],"inLanguage":"en-US"}]}},"kubio_ai_page_context":{"short_desc":"","purpose":"general"},"_links":{"self":[{"href":"https:\/\/denielkruusman24.thkit.ee\/wp\/eng\/index.php?rest_route=\/wp\/v2\/pages\/84","targetHints":{"allow":["GET"]}}],"collection":[{"href":"https:\/\/denielkruusman24.thkit.ee\/wp\/eng\/index.php?rest_route=\/wp\/v2\/pages"}],"about":[{"href":"https:\/\/denielkruusman24.thkit.ee\/wp\/eng\/index.php?rest_route=\/wp\/v2\/types\/page"}],"author":[{"embeddable":true,"href":"https:\/\/denielkruusman24.thkit.ee\/wp\/eng\/index.php?rest_route=\/wp\/v2\/users\/1"}],"replies":[{"embeddable":true,"href":"https:\/\/denielkruusman24.thkit.ee\/wp\/eng\/index.php?rest_route=%2Fwp%2Fv2%2Fcomments&post=84"}],"version-history":[{"count":0,"href":"https:\/\/denielkruusman24.thkit.ee\/wp\/eng\/index.php?rest_route=\/wp\/v2\/pages\/84\/revisions"}],"wp:attachment":[{"href":"https:\/\/denielkruusman24.thkit.ee\/wp\/eng\/index.php?rest_route=%2Fwp%2Fv2%2Fmedia&parent=84"}],"curies":[{"name":"wp","href":"https:\/\/api.w.org\/{rel}","templated":true}]}}